
81
What is the remainder when 9 is divided by 4?
1
What is the remainder when 372 is divided by 79?
56
Calculate the remainder when 484 is divided by 81.
79
What is the remainder when 41470 is divided by 384?
382
Calculate the remainder when 471 is divided by 67.
2
Calculate the remainder when 1097 is divided by 330.
107
Calculate the remainder when 120 is divided by 22.
10
What is the remainder when 690 is divided by 33?
30
Calculate the remainder when 823 is divided by 193.
51
What is the remainder when 409 is divided by 207?
202
Calculate the remainder when 208 is divided by 55.
43
Calculate the remainder when 577 is divided by 124.
81
Calculate the remainder when 179 is divided by 168.
11
What is the remainder when 5815 is divided by 15?
10
Calculate the remainder when 641 is divided by 11.
3
What is the remainder when 492 is divided by 240?
12
What is the remainder when 217 is divided by 213?
4
What is the remainder when 844 is divided by 170?
164
What is the remainder when 79 is divided by 22?
13
Calculate the remainder when 84 is divided by 26.
6
What is the remainder when 116 is divided by 39?
38
What is the remainder when 80 is divided by 12?
8
Calculate the remainder when 449 is divided by 160.
129
What is the remainder when 1547 is divided by 10?
7
What is the remainder when 171 is divided by 88?
83
Calculate the remainder when 116 is divided by 33.
17
What is the remainder when 402 is divided by 45?
42
What is the remainder when 1032 is divided by 174?
162
What is the remainder when 304 is divided by 161?
143
Calculate the remainder when 34 is divided by 21.
13
What is the remainder when 71 is divided by 56?
15
Calculate the remainder when 572 is divided by 16.
12
Calculate the remainder when 618 is divided by 12.
6
Calculate the remainder when 29 is divided by 7.
1
What is the remainder when 95 is divided by 27?
14
Calculate the remainder when 3145 is divided by 196.
9
Calculate the remainder when 104 is divided by 53.
51
Calculate the remainder when 1255 is divided by 460.
335
Calculate the remainder when 55 is divided by 7.
6
Calculate the remainder when 3199 is divided by 40.
39
What is the remainder when 1143 is divided by 52?
51
What is the remainder when 42 is divided by 11?
9
What is the remainder when 269 is divided by 87?
8
Calculate the remainder when 829 is divided by 26.
23
What is the remainder when 5 is divided by 3?
2
What is the remainder when 43 is divided by 23?
20
What is the remainder when 64 is divided by 25?
14
Calculate the remainder when 142 is divided by 24.
22
Calculate the remainder when 6933 is divided by 8.
5
Calculate the remainder when 537 is divided by 6.
3
Calculate the remainder when 86 is divided by 44.
42
What is the remainder when 322 is divided by 79?
6
Calculate the remainder when 431 is divided by 72.
71
What is the remainder when 844 is divided by 94?
92
What is the remainder when 6310 is divided by 25?
10
Calculate the remainder when 985 is divided by 38.
35
Calculate the remainder when 2216 is divided by 1103.
10
What is the remainder when 291 is divided by 14?
11
Calculate the remainder when 764 is divided by 48.
44
What is the remainder when 101 is divided by 1?
0
Calculate the remainder when 179 is divided by 26.
23
What is the remainder when 1312 is divided by 435?
7
What is the remainder when 328 is divided by 22?
20
What is the remainder when 560 is divided by 274?
12
What is the remainder when 26 is divided by 20?
6
Calculate the remainder when 161 is divided by 43.
32
Calculate the remainder when 9532 is divided by 12.
4
What is the remainder when 22 is divided by 2?
0
What is the remainder when 1258 is divided by 97?
94
Calculate the remainder when 331 is divided by 37.
35
What is the remainder when 10 is divided by 3?
1
Calculate the remainder when 56 is divided by 11.
1
Calculate the remainder when 1893 is divided by 37.
6
What is the remainder when 220 is divided by 32?
28
Calculate the remainder when 2154 is divided by 111.
45
Calculate the remainder when 338 is divided by 18.
14
What is the remainder when 211 is divided by 204?
7
What is the remainder when 21277 is divided by 8?
5
Calculate the remainder when 74 is divided by 6.
2
What is the remainder when 4612 is divided by 77?
69
Calculate the remainder when 631 is divided by 52.
7
Calculate the remainder when 62 is divided by 35.
27
What is the remainder when 90 is divided by 4?
2
Calculate the remainder when 230 is divided by 65.
35
What is the remainder when 128 is divided by 45?
38
Calculate the remainder when 11930 is divided by 23.
16
Calculate the remainder when 2421 is divided by 202.
199
Calculate the remainder when 209 is divided by 31.
23
What is the remainder when 184 is divided by 49?
37
What is the remainder when 149 is divided by 31?
25
What is the remainder when 368 is divided by 94?
86
Calculate the remainder when 2118 is divided by 19.
9
Calculate the remainder when 1607 is divided by 14.
11
Calculate the remainder when 343 is divided by 133.
77
What is the remainder when 1126 is divided by 83?
47
What is the remainder when 517 is divided by 50?
17
Calculate the remainder when 4008 is divided by 39.
30
What is the remainder when 127 is divided by 54?
19
Calculate the remainder when 3144 is divided by 1048.
0
Calculate the remainder when 219 is divided by 34.
15
Calculate the remainder when 2852 is divided by 263.
222
Calculate the remainder when 3779 is divided by 315.
314
Calculate the remainder when 504 is divided by 37.
23
What is the remainder when 845 is divided by 18?
17
Calculate the remainder when 321 is divided by 162.
159
What is the remainder when 2612 is divided by 376?
356
What is the remainder when 1861 is divided by 69?
67
Calculate the remainder when 513 is divided by 6.
3
What is the remainder when 4956 is divided by 20?
16
Calculate the remainder when 62 is divided by 48.
14
What is the remainder when 572 is divided by 48?
44
Calculate the remainder when 3 is divided by 3.
0
Calculate the remainder when 1419 is divided by 16.
11
Calculate the remainder when 404 is divided by 23.
13
What is the remainder when 306 is divided by 109?
88
Calculate the remainder when 30462 is divided by 41.
40
Calculate the remainder when 114 is divided by 25.
14
What is the remainder when 1455 is divided by 11?
3
Calculate the remainder when 193 is divided by 30.
13
Calculate the remainder when 176 is divided by 36.
32
What is the remainder when 205 is divided by 49?
9
Calculate the remainder when 4897 is divided by 50.
47
What is the remainder when 421 is divided by 61?
55
Calculate the remainder when 2165 is divided by 717.
14
Calculate the remainder when 473 is divided by 95.
93
Calculate the remainder when 1509 is divided by 12.
9
Calculate the remainder when 1568 is divided by 131.
127
Calculate the remainder when 5228 is divided by 10.
8
Calculate the remainder when 175 is divided by 16.
15
Calculate the remainder when 174 is divided by 16.
14
Calculate the remainder when 405 is divided by 83.
73
What is the remainder when 12 is divided by 9?
3
Calculate the remainder when 175 is divided by 47.
34
What is the remainder when 247 is divided by 89?
69
What is the remainder when 973 is divided by 331?
311
What is the remainder when 11 is divided by 11?
0
Calculate the remainder when 248 is divided by 130.
118
Calculate the remainder when 217 is divided by 86.
45
What is the remainder when 414 is divided by 28?
22
Calculate the remainder when 906 is divided by 152.
146
Calculate the remainder when 51 is divided by 13.
12
Calculate the remainder when 174 is divided by 164.
10
Calculate the remainder when 64 is divided by 18.
10
What is the remainder when 24293 is divided by 215?
213
Calculate the remainder when 554 is divided by 82.
62
What is the remainder when 549 is divided by 54?
9
Calculate the remainder when 279 is divided by 109.
61
Calculate the remainder when 292 is divided by 53.
27
Calculate the remainder when 968 is divided by 54.
50
What is the remainder when 1853 is divided by 124?
117
What is the remainder when 638 is divided by 220?
198
What is the remainder when 437 is divided by 35?
17
What is the remainder when 357 is divided by 19?
15
Calculate the remainder when 6143 is divided by